185.36.81.21 - - [11/Nov/2022:16:18:42 -0800] "GET /wp-includes/upload_index.php?auth=test HTTP/1.1" 404 73 "-" "Mozilla/5.0 (Windows NT 6.3; Win64; x64) AppleWebKit/537.36 (KHTML, like Gecko) Chrome/75.0.3770.100 Safari/537.36" "losandesmall.com"
34.138.228.194 - - [11/Nov/2022:16:23:38 -0800] "GET /?C=N;O=D HTTP/1.1" 200 322 "-" "ZoominfoBot (zoominfobot at zoominfo dot com)" "losandesmall.com"
34.138.228.194 - - [11/Nov/2022:16:54:44 -0800] "GET /?C=D;O=A HTTP/1.1" 200 324 "-" "ZoominfoBot (zoominfobot at zoominfo dot com)" "www.losandesmall.com"
40.122.227.200 - - [11/Nov/2022:16:55:59 -0800] "GET /dblovers/themes/pmahomme/img/logo_right.png HTTP/1.1" 200 4306 "https://losandesmall.com/dblovers/themes/pmahomme/img" "Mozilla/5.0 (X11; Linux x86_64) AppleWebKit/537.36 (KHTML, like Gecko) Chrome/74.0.3729.169 Safari/537.36" "losandesmall.com"
34.138.228.194 - - [11/Nov/2022:17:13:15 -0800] "GET /?C=D;O=A HTTP/1.1" 200 324 "-" "ZoominfoBot (zoominfobot at zoominfo dot com)" "losandesmall.com"
34.138.228.194 - - [11/Nov/2022:17:17:06 -0800] "GET /dblovers/ HTTP/1.1" 200 2296 "-" "ZoominfoBot (zoominfobot at zoominfo dot com)" "www.losandesmall.com"
34.138.228.194 - - [11/Nov/2022:17:17:59 -0800] "GET /?C=M;O=A HTTP/1.1" 200 324 "-" "ZoominfoBot (zoominfobot at zoominfo dot com)" "losandesmall.com"
34.138.228.194 - - [11/Nov/2022:17:21:12 -0800] "GET /?C=S;O=A HTTP/1.1" 200 324 "-" "ZoominfoBot (zoominfobot at zoominfo dot com)" "losandesmall.com"
34.138.228.194 - - [11/Nov/2022:17:24:21 -0800] "GET /?C=M;O=A HTTP/1.1" 200 324 "-" "ZoominfoBot (zoominfobot at zoominfo dot com)" "www.losandesmall.com"
34.76.146.130 - - [11/Nov/2022:17:38:59 -0800] "GET / HTTP/1.1" 200 548 "-" "Mozilla/5.0 (Windows NT 10.0; Win64; x64) AppleWebKit/537.36 (KHTML, like Gecko) Chrome/84.0.4147.105 Safari/537.36" "www.losandesmall.com"
35.210.92.117 - - [11/Nov/2022:18:14:25 -0800] "GET /robots.txt HTTP/1.1" 404 88 "http://losandesmall.com/robots.txt" "Go-http-client/1.1" "losandesmall.com"
35.210.92.117 - - [11/Nov/2022:18:14:27 -0800] "GET /158-accesorios-600-hallmark-detalle.html HTTP/1.1" 404 88 "http://losandesmall.com/158-accesorios-600-hallmark-detalle.html" "Mozilla/5.0 (compatible; VelenPublicWebCrawler/1.0; +https://velen.io)" "losandesmall.com"
123.125.109.118 - - [11/Nov/2022:19:05:51 -0800] "GET / HTTP/1.1" 200 324 "-" "Sogou web spider/4.0(+http://www.sogou.com/docs/help/webmasters.htm#07)" "www.losandesmall.com"
114.119.133.158 - - [11/Nov/2022:20:44:59 -0800] "GET /?C=D%3BO%3DA HTTP/1.1" 200 324 "https://www.losandesmall.com/?C=M%3BO%3DA" "Mozilla/5.0 (Linux; Android 7.0;) AppleWebKit/537.36 (KHTML, like Gecko) Mobile Safari/537.36 (compatible; PetalBot;+https://webmaster.petalsearch.com/site/petalbot)" "www.losandesmall.com"
114.119.133.190 - - [11/Nov/2022:21:22:14 -0800] "GET /?C=N%3BO%3DD HTTP/1.1" 200 324 "https://losandesmall.com?C=M%3BO%3DA" "Mozilla/5.0 (Linux; Android 7.0;) AppleWebKit/537.36 (KHTML, like Gecko) Mobile Safari/537.36 (compatible; PetalBot;+https://webmaster.petalsearch.com/site/petalbot)" "losandesmall.com"
216.244.66.226 - - [11/Nov/2022:21:23:57 -0800] "GET /robots.txt HTTP/1.1" 404 73 "-" "Mozilla/5.0 (compatible; DotBot/1.2; +https://opensiteexplorer.org/dotbot; help@moz.com)" "losandesmall.com"
114.119.133.158 - - [11/Nov/2022:21:35:22 -0800] "GET /dblovers/doc/html/_sources/credits.txt HTTP/1.1" 200 9842 "https://losandesmall.com/dblovers/doc/html/credits.html" "Mozilla/5.0 (Linux; Android 7.0;) AppleWebKit/537.36 (KHTML, like Gecko) Mobile Safari/537.36 (compatible; PetalBot;+https://webmaster.petalsearch.com/site/petalbot)" "losandesmall.com"
40.86.101.253 - - [11/Nov/2022:21:46:34 -0800] "GET /img/slides/slide-concept.png HTTP/1.1" 404 88 "http://losandesmall.com/img/slides" "Mozilla/5.0 (Linux; Android 10; SM-G960U) AppleWebKit/537.36 (KHTML, like Gecko) Chrome/88.0.4324.181 Mobile Safari/537.36" "losandesmall.com"
216.244.66.226 - - [11/Nov/2022:21:48:04 -0800] "GET /dblovers/doc/html/_sources/user.txt HTTP/1.1" 200 195 "-" "Mozilla/5.0 (compatible; DotBot/1.2; +https://opensiteexplorer.org/dotbot; help@moz.com)" "losandesmall.com"
114.119.133.190 - - [11/Nov/2022:21:49:27 -0800] "GET /dblovers HTTP/1.1" 301 1411 "http://losandesmall.com/" "Mozilla/5.0 (Linux; Android 7.0;) AppleWebKit/537.36 (KHTML, like Gecko) Mobile Safari/537.36 (compatible; PetalBot;+https://webmaster.petalsearch.com/site/petalbot)" "losandesmall.com"
114.119.133.190 - - [11/Nov/2022:21:49:32 -0800] "GET /dblovers/ HTTP/1.1" 200 2317 "http://losandesmall.com/" "Mozilla/5.0 (Linux; Android 7.0;) AppleWebKit/537.36 (KHTML, like Gecko) Mobile Safari/537.36 (compatible; PetalBot;+https://webmaster.petalsearch.com/site/petalbot)" "losandesmall.com"
114.119.133.165 - - [11/Nov/2022:22:02:23 -0800] "GET /?C=S%3BO%3DA HTTP/1.1" 200 324 "https://www.losandesmall.com/?C=M%3BO%3DA" "Mozilla/5.0 (Linux; Android 7.0;) AppleWebKit/537.36 (KHTML, like Gecko) Mobile Safari/537.36 (compatible; PetalBot;+https://webmaster.petalsearch.com/site/petalbot)" "www.losandesmall.com"
216.244.66.226 - - [11/Nov/2022:22:18:51 -0800] "GET /robots.txt HTTP/1.1" 404 73 "-" "Mozilla/5.0 (compatible; DotBot/1.2; +https://opensiteexplorer.org/dotbot; help@moz.com)" "losandesmall.com"
216.244.66.226 - - [11/Nov/2022:22:36:08 -0800] "GET /?C=M;O=D HTTP/1.1" 200 548 "-" "Mozilla/5.0 (compatible; DotBot/1.2; +https://opensiteexplorer.org/dotbot; help@moz.com)" "losandesmall.com"
216.244.66.226 - - [11/Nov/2022:23:13:04 -0800] "GET /robots.txt HTTP/1.1" 404 73 "-" "Mozilla/5.0 (compatible; DotBot/1.2; +https://opensiteexplorer.org/dotbot; help@moz.com)" "losandesmall.com"
216.244.66.226 - - [11/Nov/2022:23:32:08 -0800] "GET /?C=M;O=A HTTP/1.1" 200 548 "-" "Mozilla/5.0 (compatible; DotBot/1.2; +https://opensiteexplorer.org/dotbot; help@moz.com)" "losandesmall.com"
114.119.133.166 - - [11/Nov/2022:23:33:21 -0800] "GET /?C=N%3BO%3DD HTTP/1.1" 200 324 "https://www.losandesmall.com/?C=M%3BO%3DA" "Mozilla/5.0 (Linux; Android 7.0;) AppleWebKit/537.36 (KHTML, like Gecko) Mobile Safari/537.36 (compatible; PetalBot;+https://webmaster.petalsearch.com/site/petalbot)" "www.losandesmall.com"
35.90.219.232 - - [11/Nov/2022:23:34:19 -0800] "GET / HTTP/1.1" 200 324 "-" "Mozilla/5.0 (X11; Linux x86_64) AppleWebKit/537.36 (KHTML, like Gecko) Chrome/83.0.4103.97 Safari/537.36" "losandesmall.com"
34.216.119.231 - - [11/Nov/2022:23:34:23 -0800] "GET / HTTP/1.1" 200 324 "-" "Mozilla/5.0 (X11; Linux x86_64) AppleWebKit/537.36 (KHTML, like Gecko) Chrome/83.0.4103.97 Safari/537.36" "losandesmall.com"
34.220.192.96 - - [11/Nov/2022:23:34:32 -0800] "GET /favicon.ico HTTP/1.1" 404 88 "-" "Mozilla/5.0 (X11; Linux x86_64) AppleWebKit/537.36 (KHTML, like Gecko) Chrome/83.0.4103.97 Safari/537.36" "losandesmall.com"
34.220.192.96 - - [11/Nov/2022:23:34:36 -0800] "GET / HTTP/1.1" 200 324 "-" "Mozilla/5.0 (X11; Linux x86_64) AppleWebKit/537.36 (KHTML, like Gecko) Chrome/83.0.4103.97 Safari/537.36" "losandesmall.com"
35.88.149.56 - - [11/Nov/2022:23:34:50 -0800] "GET /favicon.ico HTTP/1.1" 404 88 "http://losandesmall.com/favicon.ico" "Mozilla/5.0 (X11; Linux x86_64) AppleWebKit/537.36 (KHTML, like Gecko) Chrome/83.0.4103.97 Safari/537.36" "losandesmall.com"
35.88.149.56 - - [11/Nov/2022:23:34:54 -0800] "GET / HTTP/1.1" 200 324 "http://losandesmall.com" "Mozilla/5.0 (X11; Linux x86_64) AppleWebKit/537.36 (KHTML, like Gecko) Chrome/83.0.4103.97 Safari/537.36" "losandesmall.com"
207.46.13.232 - - [12/Nov/2022:00:24:32 -0800] "GET /robots.txt HTTP/1.1" 404 88 "-" "Mozilla/5.0 (compatible; bingbot/2.0; +http://www.bing.com/bingbot.htm)" "losandesmall.com"
157.55.39.26 - - [12/Nov/2022:00:24:37 -0800] "GET /directorio/entretenimiento/cinepolis/ HTTP/1.1" 404 88 "-" "Mozilla/5.0 (compatible; bingbot/2.0; +http://www.bing.com/bingbot.htm)" "losandesmall.com"
207.46.13.128 - - [12/Nov/2022:00:29:14 -0800] "GET /175-Perfumerias-681-Ibiza-detalle.html HTTP/1.1" 404 88 "-" "Mozilla/5.0 (compatible; bingbot/2.0; +http://www.bing.com/bingbot.htm)" "www.losandesmall.com"
20.12.191.72 - - [12/Nov/2022:00:46:46 -0800] "GET /facebook.png HTTP/1.1" 404 88 "http://losandesmall.com" "Mozilla/5.0 (Macintosh; Intel Mac OS X 10_11_6) AppleWebKit/605.1.15 (KHTML, like Gecko) Version/11.1.2 Safari/605.1.15" "losandesmall.com"
198.20.191.105 - - [12/Nov/2022:02:42:28 -0800] "GET / HTTP/1.1" 200 548 "losandesmall.com" "Mozilla/5.0 (Windows NT 5.1; rv:34.0) Gecko/20100101 Firefox/34.0" "losandesmall.com"
216.244.66.226 - - [12/Nov/2022:02:51:52 -0800] "GET /robots.txt HTTP/1.1" 404 73 "-" "Mozilla/5.0 (compatible; DotBot/1.2; +https://opensiteexplorer.org/dotbot; help@moz.com)" "losandesmall.com"
206.81.23.58 - - [12/Nov/2022:02:55:15 -0800] "HEAD / HTTP/1.1" 200 - "http://losandesmall.com/" "Mozilla/5.0 (Windows NT 10.0; Win64; x64) AppleWebKit/537.36 (KHTML, like Gecko) Chrome/74.0.3729.169 Safari/537.36" "losandesmall.com"
206.81.23.58 - - [12/Nov/2022:02:55:15 -0800] "HEAD /wordpress HTTP/1.1" 404 - "http://losandesmall.com/wordpress" "Mozilla/5.0 (Windows NT 10.0; Win64; x64) AppleWebKit/537.36 (KHTML, like Gecko) Chrome/74.0.3729.169 Safari/537.36" "losandesmall.com"
206.81.23.58 - - [12/Nov/2022:02:55:15 -0800] "HEAD /Wordpress HTTP/1.1" 404 - "http://losandesmall.com/Wordpress" "Mozilla/5.0 (Windows NT 10.0; Win64; x64) AppleWebKit/537.36 (KHTML, like Gecko) Chrome/74.0.3729.169 Safari/537.36" "losandesmall.com"
206.81.23.58 - - [12/Nov/2022:02:55:15 -0800] "HEAD /WORDPRESS HTTP/1.1" 404 - "http://losandesmall.com/WORDPRESS" "Mozilla/5.0 (Windows NT 10.0; Win64; x64) AppleWebKit/537.36 (KHTML, like Gecko) Chrome/74.0.3729.169 Safari/537.36" "losandesmall.com"
206.81.23.58 - - [12/Nov/2022:02:55:16 -0800] "HEAD /WordPress HTTP/1.1" 404 - "http://losandesmall.com/WordPress" "Mozilla/5.0 (Windows NT 10.0; Win64; x64) AppleWebKit/537.36 (KHTML, like Gecko) Chrome/74.0.3729.169 Safari/537.36" "losandesmall.com"
206.81.23.58 - - [12/Nov/2022:02:55:16 -0800] "HEAD /wp HTTP/1.1" 404 - "http://losandesmall.com/wp" "Mozilla/5.0 (Windows NT 10.0; Win64; x64) AppleWebKit/537.36 (KHTML, like Gecko) Chrome/74.0.3729.169 Safari/537.36" "losandesmall.com"
206.81.23.58 - - [12/Nov/2022:02:55:16 -0800] "HEAD /Wp HTTP/1.1" 404 - "http://losandesmall.com/Wp" "Mozilla/5.0 (Windows NT 10.0; Win64; x64) AppleWebKit/537.36 (KHTML, like Gecko) Chrome/74.0.3729.169 Safari/537.36" "losandesmall.com"
206.81.23.58 - - [12/Nov/2022:02:55:16 -0800] "HEAD /WP HTTP/1.1" 404 - "http://losandesmall.com/WP" "Mozilla/5.0 (Windows NT 10.0; Win64; x64) AppleWebKit/537.36 (KHTML, like Gecko) Chrome/74.0.3729.169 Safari/537.36" "losandesmall.com"
206.81.23.58 - - [12/Nov/2022:02:55:17 -0800] "HEAD /old HTTP/1.1" 404 - "http://losandesmall.com/old" "Mozilla/5.0 (Windows NT 10.0; Win64; x64) AppleWebKit/537.36 (KHTML, like Gecko) Chrome/74.0.3729.169 Safari/537.36" "losandesmall.com"
206.81.23.58 - - [12/Nov/2022:02:55:17 -0800] "HEAD /Old HTTP/1.1" 404 - "http://losandesmall.com/Old" "Mozilla/5.0 (Windows NT 10.0; Win64; x64) AppleWebKit/537.36 (KHTML, like Gecko) Chrome/74.0.3729.169 Safari/537.36" "losandesmall.com"
206.81.23.58 - - [12/Nov/2022:02:55:17 -0800] "HEAD /OLD HTTP/1.1" 404 - "http://losandesmall.com/OLD" "Mozilla/5.0 (Windows NT 10.0; Win64; x64) AppleWebKit/537.36 (KHTML, like Gecko) Chrome/74.0.3729.169 Safari/537.36" "losandesmall.com"
206.81.23.58 - - [12/Nov/2022:02:55:17 -0800] "HEAD /oldsite HTTP/1.1" 404 - "http://losandesmall.com/oldsite" "Mozilla/5.0 (Windows NT 10.0; Win64; x64) AppleWebKit/537.36 (KHTML, like Gecko) Chrome/74.0.3729.169 Safari/537.36" "losandesmall.com"
206.81.23.58 - - [12/Nov/2022:02:55:17 -0800] "HEAD /new HTTP/1.1" 404 - "http://losandesmall.com/new" "Mozilla/5.0 (Windows NT 10.0; Win64; x64) AppleWebKit/537.36 (KHTML, like Gecko) Chrome/74.0.3729.169 Safari/537.36" "losandesmall.com"
206.81.23.58 - - [12/Nov/2022:02:55:18 -0800] "HEAD /New HTTP/1.1" 404 - "http://losandesmall.com/New" "Mozilla/5.0 (Windows NT 10.0; Win64; x64) AppleWebKit/537.36 (KHTML, like Gecko) Chrome/74.0.3729.169 Safari/537.36" "losandesmall.com"
206.81.23.58 - - [12/Nov/2022:02:55:18 -0800] "HEAD /NEW HTTP/1.1" 404 - "http://losandesmall.com/NEW" "Mozilla/5.0 (Windows NT 10.0; Win64; x64) AppleWebKit/537.36 (KHTML, like Gecko) Chrome/74.0.3729.169 Safari/537.36" "losandesmall.com"
206.81.23.58 - - [12/Nov/2022:02:55:18 -0800] "HEAD /wp-old HTTP/1.1" 404 - "http://losandesmall.com/wp-old" "Mozilla/5.0 (Windows NT 10.0; Win64; x64) AppleWebKit/537.36 (KHTML, like Gecko) Chrome/74.0.3729.169 Safari/537.36" "losandesmall.com"
206.81.23.58 - - [12/Nov/2022:02:55:18 -0800] "HEAD /2022 HTTP/1.1" 404 - "http://losandesmall.com/2022" "Mozilla/5.0 (Windows NT 10.0; Win64; x64) AppleWebKit/537.36 (KHTML, like Gecko) Chrome/74.0.3729.169 Safari/537.36" "losandesmall.com"
206.81.23.58 - - [12/Nov/2022:02:55:19 -0800] "HEAD /2020 HTTP/1.1" 404 - "http://losandesmall.com/2020" "Mozilla/5.0 (Windows NT 10.0; Win64; x64) AppleWebKit/537.36 (KHTML, like Gecko) Chrome/74.0.3729.169 Safari/537.36" "losandesmall.com"
206.81.23.58 - - [12/Nov/2022:02:55:19 -0800] "HEAD /2019 HTTP/1.1" 404 - "http://losandesmall.com/2019" "Mozilla/5.0 (Windows NT 10.0; Win64; x64) AppleWebKit/537.36 (KHTML, like Gecko) Chrome/74.0.3729.169 Safari/537.36" "losandesmall.com"
206.81.23.58 - - [12/Nov/2022:02:55:19 -0800] "HEAD /2018 HTTP/1.1" 404 - "http://losandesmall.com/2018" "Mozilla/5.0 (Windows NT 10.0; Win64; x64) AppleWebKit/537.36 (KHTML, like Gecko) Chrome/74.0.3729.169 Safari/537.36" "losandesmall.com"
206.81.23.58 - - [12/Nov/2022:02:55:19 -0800] "HEAD /backup HTTP/1.1" 404 - "http://losandesmall.com/backup" "Mozilla/5.0 (Windows NT 10.0; Win64; x64) AppleWebKit/537.36 (KHTML, like Gecko) Chrome/74.0.3729.169 Safari/537.36" "losandesmall.com"
206.81.23.58 - - [12/Nov/2022:02:55:19 -0800] "HEAD /test HTTP/1.1" 404 - "http://losandesmall.com/test" "Mozilla/5.0 (Windows NT 10.0; Win64; x64) AppleWebKit/537.36 (KHTML, like Gecko) Chrome/74.0.3729.169 Safari/537.36" "losandesmall.com"
206.81.23.58 - - [12/Nov/2022:02:55:20 -0800] "HEAD /Test HTTP/1.1" 404 - "http://losandesmall.com/Test" "Mozilla/5.0 (Windows NT 10.0; Win64; x64) AppleWebKit/537.36 (KHTML, like Gecko) Chrome/74.0.3729.169 Safari/537.36" "losandesmall.com"
206.81.23.58 - - [12/Nov/2022:02:55:20 -0800] "HEAD /TEST HTTP/1.1" 404 - "http://losandesmall.com/TEST" "Mozilla/5.0 (Windows NT 10.0; Win64; x64) AppleWebKit/537.36 (KHTML, like Gecko) Chrome/74.0.3729.169 Safari/537.36" "losandesmall.com"
206.81.23.58 - - [12/Nov/2022:02:55:20 -0800] "HEAD /demo HTTP/1.1" 404 - "http://losandesmall.com/demo" "Mozilla/5.0 (Windows NT 10.0; Win64; x64) AppleWebKit/537.36 (KHTML, like Gecko) Chrome/74.0.3729.169 Safari/537.36" "losandesmall.com"
206.81.23.58 - - [12/Nov/2022:02:55:20 -0800] "HEAD /bc HTTP/1.1" 404 - "http://losandesmall.com/bc" "Mozilla/5.0 (Windows NT 10.0; Win64; x64) AppleWebKit/537.36 (KHTML, like Gecko) Chrome/74.0.3729.169 Safari/537.36" "losandesmall.com"
206.81.23.58 - - [12/Nov/2022:02:55:20 -0800] "HEAD /www HTTP/1.1" 404 - "http://losandesmall.com/www" "Mozilla/5.0 (Windows NT 10.0; Win64; x64) AppleWebKit/537.36 (KHTML, like Gecko) Chrome/74.0.3729.169 Safari/537.36" "losandesmall.com"
206.81.23.58 - - [12/Nov/2022:02:55:21 -0800] "HEAD /WWW HTTP/1.1" 404 - "http://losandesmall.com/WWW" "Mozilla/5.0 (Windows NT 10.0; Win64; x64) AppleWebKit/537.36 (KHTML, like Gecko) Chrome/74.0.3729.169 Safari/537.36" "losandesmall.com"
206.81.23.58 - - [12/Nov/2022:02:55:21 -0800] "HEAD /Www HTTP/1.1" 404 - "http://losandesmall.com/Www" "Mozilla/5.0 (Windows NT 10.0; Win64; x64) AppleWebKit/537.36 (KHTML, like Gecko) Chrome/74.0.3729.169 Safari/537.36" "losandesmall.com"
206.81.23.58 - - [12/Nov/2022:02:55:21 -0800] "HEAD /2021 HTTP/1.1" 404 - "http://losandesmall.com/2021" "Mozilla/5.0 (Windows NT 10.0; Win64; x64) AppleWebKit/537.36 (KHTML, like Gecko) Chrome/74.0.3729.169 Safari/537.36" "losandesmall.com"
206.81.23.58 - - [12/Nov/2022:02:55:21 -0800] "HEAD /main HTTP/1.1" 404 - "http://losandesmall.com/main" "Mozilla/5.0 (Windows NT 10.0; Win64; x64) AppleWebKit/537.36 (KHTML, like Gecko) Chrome/74.0.3729.169 Safari/537.36" "losandesmall.com"
206.81.23.58 - - [12/Nov/2022:02:55:22 -0800] "HEAD /old-site HTTP/1.1" 404 - "http://losandesmall.com/old-site" "Mozilla/5.0 (Windows NT 10.0; Win64; x64) AppleWebKit/537.36 (KHTML, like Gecko) Chrome/74.0.3729.169 Safari/537.36" "losandesmall.com"
206.81.23.58 - - [12/Nov/2022:02:55:22 -0800] "HEAD /bk HTTP/1.1" 404 - "http://losandesmall.com/bk" "Mozilla/5.0 (Windows NT 10.0; Win64; x64) AppleWebKit/537.36 (KHTML, like Gecko) Chrome/74.0.3729.169 Safari/537.36" "losandesmall.com"
206.81.23.58 - - [12/Nov/2022:02:55:22 -0800] "HEAD /Backup HTTP/1.1" 404 - "http://losandesmall.com/Backup" "Mozilla/5.0 (Windows NT 10.0; Win64; x64) AppleWebKit/537.36 (KHTML, like Gecko) Chrome/74.0.3729.169 Safari/537.36" "losandesmall.com"
206.81.23.58 - - [12/Nov/2022:02:55:22 -0800] "HEAD /BACKUP HTTP/1.1" 404 - "http://losandesmall.com/BACKUP" "Mozilla/5.0 (Windows NT 10.0; Win64; x64) AppleWebKit/537.36 (KHTML, like Gecko) Chrome/74.0.3729.169 Safari/537.36" "losandesmall.com"
206.81.23.58 - - [12/Nov/2022:02:55:22 -0800] "HEAD /SHOP HTTP/1.1" 404 - "http://losandesmall.com/SHOP" "Mozilla/5.0 (Windows NT 10.0; Win64; x64) AppleWebKit/537.36 (KHTML, like Gecko) Chrome/74.0.3729.169 Safari/537.36" "losandesmall.com"
206.81.23.58 - - [12/Nov/2022:02:55:23 -0800] "HEAD /Shop HTTP/1.1" 404 - "http://losandesmall.com/Shop" "Mozilla/5.0 (Windows NT 10.0; Win64; x64) AppleWebKit/537.36 (KHTML, like Gecko) Chrome/74.0.3729.169 Safari/537.36" "losandesmall.com"
206.81.23.58 - - [12/Nov/2022:02:55:23 -0800] "HEAD /shop HTTP/1.1" 404 - "http://losandesmall.com/shop" "Mozilla/5.0 (Windows NT 10.0; Win64; x64) AppleWebKit/537.36 (KHTML, like Gecko) Chrome/74.0.3729.169 Safari/537.36" "losandesmall.com"
206.81.23.58 - - [12/Nov/2022:02:55:23 -0800] "HEAD /bak HTTP/1.1" 404 - "http://losandesmall.com/bak" "Mozilla/5.0 (Windows NT 10.0; Win64; x64) AppleWebKit/537.36 (KHTML, like Gecko) Chrome/74.0.3729.169 Safari/537.36" "losandesmall.com"
206.81.23.58 - - [12/Nov/2022:02:55:23 -0800] "HEAD /sitio HTTP/1.1" 404 - "http://losandesmall.com/sitio" "Mozilla/5.0 (Windows NT 10.0; Win64; x64) AppleWebKit/537.36 (KHTML, like Gecko) Chrome/74.0.3729.169 Safari/537.36" "losandesmall.com"
206.81.23.58 - - [12/Nov/2022:02:55:23 -0800] "HEAD /bac HTTP/1.1" 404 - "http://losandesmall.com/bac" "Mozilla/5.0 (Windows NT 10.0; Win64; x64) AppleWebKit/537.36 (KHTML, like Gecko) Chrome/74.0.3729.169 Safari/537.36" "losandesmall.com"
206.81.23.58 - - [12/Nov/2022:02:55:24 -0800] "HEAD /sito HTTP/1.1" 404 - "http://losandesmall.com/sito" "Mozilla/5.0 (Windows NT 10.0; Win64; x64) AppleWebKit/537.36 (KHTML, like Gecko) Chrome/74.0.3729.169 Safari/537.36" "losandesmall.com"
206.81.23.58 - - [12/Nov/2022:02:55:24 -0800] "HEAD /site HTTP/1.1" 404 - "http://losandesmall.com/site" "Mozilla/5.0 (Windows NT 10.0; Win64; x64) AppleWebKit/537.36 (KHTML, like Gecko) Chrome/74.0.3729.169 Safari/537.36" "losandesmall.com"
206.81.23.58 - - [12/Nov/2022:02:55:24 -0800] "HEAD /Site HTTP/1.1" 404 - "http://losandesmall.com/Site" "Mozilla/5.0 (Windows NT 10.0; Win64; x64) AppleWebKit/537.36 (KHTML, like Gecko) Chrome/74.0.3729.169 Safari/537.36" "losandesmall.com"
206.81.23.58 - - [12/Nov/2022:02:55:24 -0800] "HEAD /SITE HTTP/1.1" 404 - "http://losandesmall.com/SITE" "Mozilla/5.0 (Windows NT 10.0; Win64; x64) AppleWebKit/537.36 (KHTML, like Gecko) Chrome/74.0.3729.169 Safari/537.36" "losandesmall.com"
206.81.23.58 - - [12/Nov/2022:02:55:25 -0800] "HEAD /blog HTTP/1.1" 404 - "http://losandesmall.com/blog" "Mozilla/5.0 (Windows NT 10.0; Win64; x64) AppleWebKit/537.36 (KHTML, like Gecko) Chrome/74.0.3729.169 Safari/537.36" "losandesmall.com"
206.81.23.58 - - [12/Nov/2022:02:55:25 -0800] "HEAD /BLOG HTTP/1.1" 404 - "http://losandesmall.com/BLOG" "Mozilla/5.0 (Windows NT 10.0; Win64; x64) AppleWebKit/537.36 (KHTML, like Gecko) Chrome/74.0.3729.169 Safari/537.36" "losandesmall.com"
206.81.23.58 - - [12/Nov/2022:02:55:25 -0800] "HEAD /Blog HTTP/1.1" 404 - "http://losandesmall.com/Blog" "Mozilla/5.0 (Windows NT 10.0; Win64; x64) AppleWebKit/537.36 (KHTML, like Gecko) Chrome/74.0.3729.169 Safari/537.36" "losandesmall.com"
35.210.207.166 - - [12/Nov/2022:03:22:31 -0800] "GET /robots.txt HTTP/1.1" 404 88 "http://losandesmall.com/robots.txt" "Go-http-client/1.1" "losandesmall.com"
35.210.207.166 - - [12/Nov/2022:03:22:33 -0800] "GET /contact-us HTTP/1.1" 404 88 "http://losandesmall.com/contact-us" "Mozilla/5.0 (compatible; VelenPublicWebCrawler/1.0; +https://velen.io)" "losandesmall.com"
20.12.191.74 - - [12/Nov/2022:03:46:55 -0800] "GET /dblovers/doc/html/_images/line_chart.png HTTP/1.1" 200 12716 "https://losandesmall.com/dblovers/doc/html/_images" "Mozilla/5.0 (Linux; Android 10; SM-G960U) AppleWebKit/537.36 (KHTML, like Gecko) Chrome/88.0.4324.181 Mobile Safari/537.36" "losandesmall.com"
216.244.66.226 - - [12/Nov/2022:03:48:20 -0800] "GET /robots.txt HTTP/1.1" 404 73 "-" "Mozilla/5.0 (compatible; DotBot/1.2; +https://opensiteexplorer.org/dotbot; help@moz.com)" "losandesmall.com"
20.29.110.169 - - [12/Nov/2022:03:48:29 -0800] "GET /dblovers/doc/html/_images/query_result_operations.png HTTP/1.1" 200 6750 "https://losandesmall.com/dblovers/doc/html/_images" "Mozilla/5.0 (Linux; Android 10; SM-G960U) AppleWebKit/537.36 (KHTML, like Gecko) Chrome/88.0.4324.181 Mobile Safari/537.36" "losandesmall.com"
20.12.191.73 - - [12/Nov/2022:04:57:29 -0800] "GET /dblovers/doc/html/_images/timeline_chart.png HTTP/1.1" 200 12229 "https://losandesmall.com/dblovers/doc/html/_images" "Mozilla/5.0 (Macintosh; Intel Mac OS X 10_11_6) AppleWebKit/605.1.15 (KHTML, like Gecko) Version/11.1.2 Safari/605.1.15" "losandesmall.com"
20.231.25.134 - - [12/Nov/2022:05:29:46 -0800] "GET /wordpress/ HTTP/1.1" 404 88 "-" "Mozilla/5.0 (Windows NT 6.3; Win64; x64; rv:63.0) Gecko/20100101 Firefox/63.0" "losandesmall.com"
20.231.25.134 - - [12/Nov/2022:05:29:47 -0800] "GET /wp/ HTTP/1.1" 404 88 "-" "Mozilla/5.0 (Windows NT 6.3; Win64; x64; rv:63.0) Gecko/20100101 Firefox/63.0" "losandesmall.com"
20.231.25.134 - - [12/Nov/2022:05:29:48 -0800] "GET /blog/ HTTP/1.1" 404 88 "-" "Mozilla/5.0 (Windows NT 6.3; Win64; x64; rv:63.0) Gecko/20100101 Firefox/63.0" "losandesmall.com"
20.231.25.134 - - [12/Nov/2022:05:29:49 -0800] "GET /old/ HTTP/1.1" 404 88 "-" "Mozilla/5.0 (Windows NT 6.3; Win64; x64; rv:63.0) Gecko/20100101 Firefox/63.0" "losandesmall.com"
20.231.25.134 - - [12/Nov/2022:05:29:52 -0800] "GET /new/ HTTP/1.1" 404 88 "-" "Mozilla/5.0 (Windows NT 6.3; Win64; x64; rv:63.0) Gecko/20100101 Firefox/63.0" "losandesmall.com"
20.231.25.134 - - [12/Nov/2022:05:29:53 -0800] "GET /test/ HTTP/1.1" 404 88 "-" "Mozilla/5.0 (Windows NT 6.3; Win64; x64; rv:63.0) Gecko/20100101 Firefox/63.0" "losandesmall.com"
20.231.25.134 - - [12/Nov/2022:05:29:55 -0800] "GET /backup/ HTTP/1.1" 404 88 "-" "Mozilla/5.0 (Windows NT 6.3; Win64; x64; rv:63.0) Gecko/20100101 Firefox/63.0" "losandesmall.com"
20.231.25.134 - - [12/Nov/2022:05:29:56 -0800] "GET /temp/ HTTP/1.1" 404 88 "-" "Mozilla/5.0 (Windows NT 6.3; Win64; x64; rv:63.0) Gecko/20100101 Firefox/63.0" "losandesmall.com"
20.231.25.134 - - [12/Nov/2022:05:29:58 -0800] "GET / HTTP/1.1" 200 324 "-" "Mozilla/5.0 (Windows NT 6.3; Win64; x64; rv:63.0) Gecko/20100101 Firefox/63.0" "losandesmall.com"
51.222.253.4 - - [12/Nov/2022:05:31:55 -0800] "GET /robots.txt HTTP/1.1" 404 88 "-" "Mozilla/5.0 (compatible; AhrefsBot/7.0; +http://ahrefs.com/robot/)" "www.losandesmall.com"
51.222.253.14 - - [12/Nov/2022:05:31:56 -0800] "GET / HTTP/1.1" 200 324 "-" "Mozilla/5.0 (compatible; AhrefsBot/7.0; +http://ahrefs.com/robot/)" "www.losandesmall.com"
54.36.148.120 - - [12/Nov/2022:07:30:24 -0800] "GET /robots.txt HTTP/1.1" 404 88 "-" "Mozilla/5.0 (compatible; AhrefsBot/7.0; +http://ahrefs.com/robot/)" "losandesmall.com"
51.222.253.13 - - [12/Nov/2022:07:30:25 -0800] "GET / HTTP/1.1" 200 324 "-" "Mozilla/5.0 (compatible; AhrefsBot/7.0; +http://ahrefs.com/robot/)" "losandesmall.com"
77.88.5.219 - - [12/Nov/2022:09:18:17 -0800] "GET /robots.txt HTTP/1.1" 404 73 "-" "Mozilla/5.0 (compatible; YandexBot/3.0; +http://yandex.com/bots)" "www.losandesmall.com"
77.88.5.5 - - [12/Nov/2022:09:18:18 -0800] "GET /robots.txt HTTP/1.1" 404 73 "-" "Mozilla/5.0 (compatible; YandexBot/3.0; +http://yandex.com/bots)" "losandesmall.com"
77.88.5.238 - - [12/Nov/2022:09:18:21 -0800] "GET / HTTP/1.1" 200 324 "-" "Mozilla/5.0 (compatible; YandexBot/3.0; +http://yandex.com/bots)" "www.losandesmall.com"
77.88.5.46 - - [12/Nov/2022:09:18:22 -0800] "GET / HTTP/1.1" 200 324 "-" "Mozilla/5.0 (compatible; YandexBot/3.0; +http://yandex.com/bots)" "losandesmall.com"
40.122.188.112 - - [12/Nov/2022:09:21:57 -0800] "GET /img/slides/slide-concept-2-2.png HTTP/1.1" 404 88 "http://losandesmall.com/img/slides" "Mozilla/5.0 (Macintosh; Intel Mac OS X 10_11_6) AppleWebKit/605.1.15 (KHTML, like Gecko) Version/11.1.2 Safari/605.1.15" "losandesmall.com"
129.232.136.231 - - [12/Nov/2022:09:37:32 -0800] "GET /wp-login.php HTTP/1.1" 404 88 "http://losandesmall.com/wp-login.php" "Mozilla/5.0 (Windows NT 10.0; Win64; x64) Chrome/92.0.4515.159 Safari/537.36" "losandesmall.com"
216.244.66.226 - - [12/Nov/2022:10:08:19 -0800] "GET /robots.txt HTTP/1.1" 404 73 "-" "Mozilla/5.0 (compatible; DotBot/1.2; +https://opensiteexplorer.org/dotbot; help@moz.com)" "losandesmall.com"
216.244.66.226 - - [12/Nov/2022:10:17:21 -0800] "GET /?N=D HTTP/1.1" 200 548 "-" "Mozilla/5.0 (compatible; DotBot/1.2; +https://opensiteexplorer.org/dotbot; help@moz.com)" "losandesmall.com"
123.183.224.96 - - [12/Nov/2022:10:26:40 -0800] "GET / HTTP/1.1" 200 324 "-" "Sogou web spider/4.0(+http://www.sogou.com/docs/help/webmasters.htm#07)" "losandesmall.com"
59.111.226.200 - - [12/Nov/2022:10:31:16 -0800] "GET / HTTP/1.1" 200 324 "-" "Mozilla/5.0 (Macintosh; Intel Mac OS X 10_15_7) AppleWebKit/537.36 (KHTML, like Gecko) Chrome/99.0.4844.83 Safari/537.36" "losandesmall.com"
216.244.66.226 - - [12/Nov/2022:11:01:49 -0800] "GET /robots.txt HTTP/1.1" 404 73 "-" "Mozilla/5.0 (compatible; DotBot/1.2; +https://opensiteexplorer.org/dotbot; help@moz.com)" "losandesmall.com"
13.67.224.13 - - [12/Nov/2022:11:03:06 -0800] "GET /img/slides/slide-concept-2-4.png HTTP/1.1" 404 88 "http://losandesmall.com/img/slides" "Mozilla/5.0 (Linux; Android 10; SM-G960U) AppleWebKit/537.36 (KHTML, like Gecko) Chrome/88.0.4324.181 Mobile Safari/537.36" "losandesmall.com"
216.244.66.226 - - [12/Nov/2022:11:27:05 -0800] "GET /?N=A HTTP/1.1" 200 548 "-" "Mozilla/5.0 (compatible; DotBot/1.2; +https://opensiteexplorer.org/dotbot; help@moz.com)" "losandesmall.com"
77.88.5.45 - - [12/Nov/2022:12:25:39 -0800] "GET /robots.txt HTTP/1.1" 404 73 "-" "Mozilla/5.0 (compatible; YandexBot/3.0; +http://yandex.com/bots)" "www.losandesmall.com"
77.88.5.46 - - [12/Nov/2022:12:25:45 -0800] "GET /robots.txt HTTP/1.1" 404 73 "-" "Mozilla/5.0 (compatible; YandexBot/3.0; +http://yandex.com/bots)" "www.losandesmall.com"
77.88.5.233 - - [12/Nov/2022:12:25:49 -0800] "GET / HTTP/1.1" 200 324 "-" "Mozilla/5.0 (compatible; YandexBot/3.0; +http://yandex.com/bots)" "www.losandesmall.com"
77.88.5.45 - - [12/Nov/2022:12:26:09 -0800] "GET /robots.txt HTTP/1.1" 404 73 "-" "Mozilla/5.0 (compatible; YandexBot/3.0; +http://yandex.com/bots)" "losandesmall.com"
77.88.5.245 - - [12/Nov/2022:12:26:17 -0800] "GET /robots.txt HTTP/1.1" 404 73 "-" "Mozilla/5.0 (compatible; YandexBot/3.0; +http://yandex.com/bots)" "losandesmall.com"
77.88.5.245 - - [12/Nov/2022:12:26:20 -0800] "GET / HTTP/1.1" 200 324 "-" "Mozilla/5.0 (compatible; YandexBot/3.0; +http://yandex.com/bots)" "losandesmall.com"
77.88.5.46 - - [12/Nov/2022:12:26:30 -0800] "GET / HTTP/1.1" 200 324 "-" "Mozilla/5.0 (compatible; YandexBot/3.0; +http://yandex.com/bots)" "losandesmall.com"
216.244.66.226 - - [12/Nov/2022:12:47:03 -0800] "GET /robots.txt HTTP/1.1" 404 73 "-" "Mozilla/5.0 (compatible; DotBot/1.2; +https://opensiteexplorer.org/dotbot; help@moz.com)" "losandesmall.com"
114.119.133.165 - - [12/Nov/2022:13:09:05 -0800] "GET /dblovers/doc/html/_sources/vendors.txt HTTP/1.1" 200 633 "https://losandesmall.com/dblovers/doc/html/vendors.html" "Mozilla/5.0 (Linux; Android 7.0;) AppleWebKit/537.36 (KHTML, like Gecko) Mobile Safari/537.36 (compatible; PetalBot;+https://webmaster.petalsearch.com/site/petalbot)" "losandesmall.com"
114.119.133.165 - - [12/Nov/2022:13:14:26 -0800] "GET /dblovers/doc/html/_sources/two_factor.txt HTTP/1.1" 200 1283 "https://losandesmall.com/dblovers/doc/html/two_factor.html" "Mozilla/5.0 (Linux; Android 7.0;) AppleWebKit/537.36 (KHTML, like Gecko) Mobile Safari/537.36 (compatible; PetalBot;+https://webmaster.petalsearch.com/site/petalbot)" "losandesmall.com"
114.119.133.158 - - [12/Nov/2022:13:20:38 -0800] "GET /dblovers/doc/html/_sources/transformations.txt HTTP/1.1" 200 2639 "https://losandesmall.com/dblovers/doc/html/transformations.html" "Mozilla/5.0 (Linux; Android 7.0;) AppleWebKit/537.36 (KHTML, like Gecko) Mobile Safari/537.36 (compatible; PetalBot;+https://webmaster.petalsearch.com/site/petalbot)" "losandesmall.com"
114.119.133.166 - - [12/Nov/2022:13:28:05 -0800] "GET / HTTP/1.1" 200 324 "https://www.miguiapanama.com/listing/los-andes-mall/" "Mozilla/5.0 (Linux; Android 7.0;) AppleWebKit/537.36 (KHTML, like Gecko) Mobile Safari/537.36 (compatible; PetalBot;+https://webmaster.petalsearch.com/site/petalbot)" "www.losandesmall.com"
114.119.133.166 - - [12/Nov/2022:13:52:28 -0800] "GET /dblovers/doc/html/_sources/security.txt HTTP/1.1" 200 2054 "https://losandesmall.com/dblovers/doc/html/security.html" "Mozilla/5.0 (Linux; Android 7.0;) AppleWebKit/537.36 (KHTML, like Gecko) Mobile Safari/537.36 (compatible; PetalBot;+https://webmaster.petalsearch.com/site/petalbot)" "losandesmall.com"
216.244.66.226 - - [12/Nov/2022:14:34:38 -0800] "GET /robots.txt HTTP/1.1" 404 73 "-" "Mozilla/5.0 (compatible; DotBot/1.2; +https://opensiteexplorer.org/dotbot; help@moz.com)" "losandesmall.com"
216.244.66.226 - - [12/Nov/2022:14:40:47 -0800] "GET /dblovers/doc/html/setup.html HTTP/1.1" 200 122021 "-" "Mozilla/5.0 (compatible; DotBot/1.2; +https://opensiteexplorer.org/dotbot; help@moz.com)" "losandesmall.com"
192.29.97.49 - - [12/Nov/2022:14:54:28 -0800] "HEAD /robots.txt HTTP/1.1" 404 - "http://www.losandesmall.com/robots.txt" "DF Bot 1.0" "www.losandesmall.com"
192.29.97.49 - - [12/Nov/2022:14:54:28 -0800] "GET /robots.txt HTTP/1.1" 404 73 "http://www.losandesmall.com/robots.txt" "DF Bot 1.0" "www.losandesmall.com"
192.29.97.49 - - [12/Nov/2022:14:54:28 -0800] "GET / HTTP/1.1" 200 548 "http://www.losandesmall.com/" "DF Bot 1.0" "www.losandesmall.com"
192.29.97.49 - - [12/Nov/2022:14:54:29 -0800] "HEAD /robots.txt HTTP/1.1" 404 - "-" "DF Bot 1.0" "www.losandesmall.com"
192.29.97.49 - - [12/Nov/2022:14:54:29 -0800] "GET /robots.txt HTTP/1.1" 404 73 "-" "DF Bot 1.0" "www.losandesmall.com"
114.119.133.158 - - [12/Nov/2022:14:58:41 -0800] "GET /dblovers/doc/html/index.html HTTP/1.1" 200 3059 "https://losandesmall.com/dblovers/doc/html/bookmarks.html" "Mozilla/5.0 (Linux; Android 7.0;) AppleWebKit/537.36 (KHTML, like Gecko) Mobile Safari/537.36 (compatible; PetalBot;+https://webmaster.petalsearch.com/site/petalbot)" "losandesmall.com"
216.244.66.226 - - [12/Nov/2022:15:03:22 -0800] "GET /dblovers/doc/html/_sources/bookmarks.txt HTTP/1.1" 200 2454 "-" "Mozilla/5.0 (compatible; DotBot/1.2; +https://opensiteexplorer.org/dotbot; help@moz.com)" "losandesmall.com"
